o base 10.
1500972
771825 (base 12) to base 15
274e75
-aa7288 (base 13) to base 10
-4014369
112111223303 (base 4) to base 15
7aa192
What is -449386 (base 16) in base 13?
-c147ca
516bb (base 15) to base 3
111002221112
What is 34045502 (base 8) in base 10?
7359298
14a77 (base 13) to base 12
1a795
102202200002210 (base 3) to base 14
b8a980
Convert 20d3d (base 16) to base 10.
134461
Convert 18c51 (base 14) to base 4.
33111013
11340440 (base 5) to base 8
316421
d9a02 (base 15) to base 9
1262472
Convert 100000100101001110111 (base 2) to base 16.
104a77
321313011130 (base 4) to base 15
14e9291
-528c2 (base 13) to base 10
-148709
-7c28d8 (base 15) to base 16
-5a8366
What is 250864 (base 10) in base 16?
3d3f0
18721261 (base 9) to base 5
4410240113
-43822a (base 12) to base 4
-10011221002
111010100011010100100 (base 2) to base 12
786398
-4089a4 (base 12) to base 2
-11110110101110001100
244031521 (base 7) to base 4
322113320200
-114040661 (base 7) to base 4
-122331303101
76847 (base 9) to base 3
2120221121
What is -21223442 (base 5) in base 13?
-63b44
What is -3120440 (base 7) in base 9?
-631082
2002001301 (base 4) to base 16
82071
11111010000110 (base 2) to base 11
11031
What is 624465 (base 7) in base 2?
11010001011111011
What is 355203132 (base 6) in base 4?
121200311000
1443116 (base 8) to base 3
202220002011
4549b8 (base 14) to base 15
318253
225134 (base 8) to base 12
38250
What is -1483520 (base 9) in base 12?
-338153
Convert -10251484 (base 9) to base 12.
-179baa1
Convert -122212212201120 (base 3) to base 15.
-c7b236
-656008 (base 14) to base 12
-1198174
1b25314 (base 13) to base 7
136216530
75aa9 (base 14) to base 10
284741
What is 122102100102 (base 3) in base 11?
214683
Convert 304116 (base 8) to base 12.
4a152
-120230032 (base 4) to base 9
-163651
What is -ad409 (base 15) in base 5?
-120113114
Convert -30676874 (base 9) to base 11.
-8368075
201aa73 (base 11) to base 12
124340b
7590b7 (base 13) to base 4
22202100303
-77b2a2 (base 16) to base 3
-112202112122120
Convert -2681 (base 11) to base 9.
-4683
1165564 (base 8) to base 12
136704
What is 3972ce (base 16) in base 3?
21002021112022
Convert -10010101000110100100 (base 2) to base 5.
-124020344
-324212011 (base 6) to base 16
-588a87
Convert -32423331 (base 6) to base 3.
-1211011021201
20201325 (base 7) to base 12
690b09
Convert -312002240 (base 5) to base 15.
-1a4ad0
What is 47432a (base 13) in base 5?
413210210
Convert -54333 (base 9) to base 13.
-134ca
Convert -112011101210111 (base 3) to base 9.
-15141714
Convert 1113112201 (base 4) to base 12.
153081
Convert -95790 (base 13) to base 10.
-269334
What is 1010110100100110100100 (base 2) in base 16?
2b49a4
What is -1064887 (base 10) in base 5?
-233034022
Convert -193d9b (base 16) to base 10.
-1654171
2202021201120 (base 3) to base 2
101100100111110011101
Convert -1005905 (base 11) to base 10.
-1779310
441032 (base 9) to base 13
92a50
10130311102 (base 4) to base 3
2012021101011
What is 1315105 (base 6) in base 10?
72401
Convert 2212111002210 (base 3) to base 16.
174597
What is -1315473 (base 8) in base 13?
-cb310
Convert -236b07 (base 12) to base 16.
-8b9b7
-a17736 (base 12) to base 11
-1472a71
What is -1554434 (base 6) in base 9?
-151564
-300a669 (base 11) to base 5
-2331010134
What is 3d9b06 (base 16) in base 15?
54b3dc
Convert -145473 (base 8) to base 12.
-26137
What is -20379aa (base 12) in base 10?
-6047698
-2152d4 (base 14) to base 13
-306791
What is 99569 (base 14) in base 15?
75128
Convert -73b29 (base 12) to base 8.
-450621
Convert 346818 (base 9) to base 7.
1525445
What is -155001201 (base 7) in base 8?
-47743443
What is 1366034 (base 11) in base 8?
10756767
Convert -15224560 (base 8) to base 5.
-1342442031
Convert -101110101010100111100111 (base 2) to base 12.
-411b487
Convert 332301 (base 5) to base 2.
10110100111000
Convert -6d87 (base 16) to base 10.
-28039
Convert -1030321320 (base 4) to base 12.
-132360
-210233332222 (base 4) to base 2
-100100101111111110101010
Convert -50d2 (base 15) to base 12.
-9a68
3dde (base 16) to base 9
23647
Convert 14030521 (base 6) to base 4.
1302321301
What is -1a745d (base 16) in base 4?
-12213101131
2800a (base 16) to base 5
20220400
-113313212 (base 4) to base 14
-278b4
b5230 (base 12) to base 16
39e04
443115420 (base 6) to base 9
16025123
What is -11221043 (base 7) in base 14?
-1b71ca
What is -b48cc7 (base 13) in base 12?
-14b5136
Convert -20b947 (base 13) to base 10.
-768333
What is -41505 (base 16) in base 6?
-5422313
12571 (base 15) to base 4
32103232
Convert 282da (base 15) to base 12.
62721
Convert -553455 (base 6) to base 14.
-12b91
What is -21110000220 (base 3) in base 4?
-203301321
-a43ba (base 12) to base 6
-4334354
-112360 (base 9) to base 6
-1235513
What is -1211111211 (base 3) in base 10?
-36094
Convert -50ad18 (base 14) to base 2.
-1010010111110110011010
Convert -e328 (base 15) to base 4.
-23231123
What is -543510 (base 6) in base 5?
-2414043
Convert 1072151 (base 11) to base 13.
5093ac
What is 13598b (base 14) in base 16?
a3407
-5ab4003 (base 12) to base 11
-9a68170
Convert 2507176 (base 8) to base 10.
691838
22365 (base 13) to base 16
f29a
Convert -446c5 (base 14) to base 3.
-22102200202
-56288 (base 11) to base 4
-103321321
What is 203000121 (base 4) in base 15?
2c740
-3323745 (base 8) to base 9
-1613567
-63709 (base 10) to base 12
-30a51
Convert -2221311300 (base 4) to base 2.
-10101001110101110000
-30231200130 (base 4) to base 14
-62a48c
Convert -345406 (base 8) to base 7.
-666411
What is -30ac4a3 (base 13) in base 5?
-12241340320
What is -136560 (base 9) in base 5?
-10133230
Convert 158065 (base 9) to base 4.
113313101
What is 1100101101111101101 (base 2) in base 10?
416749
What is 716f2 (base 16) in base 5?
104332001
-183cd (base 15) to base 3
-10222200011
301011113333 (base 4) to base 13
2886869
Convert 164437 (base 11) to base 3.
110221110000
101010000000001101111 (base 2) to base 8
5200157
What is -30615162 (base 7) in base 12?
-a42680
Convert -2d12b (base 14) to base 6.
-2225535
-30123411 (base 5) to base 11
-153813
Convert d9927 (base 16) to base 4.
3121210213
Convert -312254 (base 9) to base 5.
-21413002
Convert 1bc08 (base 16) to base 13.
3c980
Convert 1303234331 (base 6) to base 9.
31664021
15a4b8 (base 14) to base 2
10111001001000010010
Convert 7620264 (base 10) to base 5.
3422322024
What is -4143314132 (base 5) in base 8?
-40550162
-377622 (base 9) to base 2
-110111110101001011
What is 5838843 (base 9) in base 2?
1100000010011101010111
-1110000001200 (base 3) to base 12
-310316
64307 (base 11) to base 7
536466
42231140 (base 5) to base 6
11313501
2946169 (base 12) to base 2
11111101011100101100001
Convert 40322331 (base 5) to base 10.
323466
Convert 187a6 (base 15) to base 7.
450234
What is -10cac (base 16) in base 5?
-4200110
Convert 491816 (base 11) to base 15.
10590e
Convert -7545110 (base 8) to base 15.
-29cd44
Convert 22520311 (base 6) to base 13.
1b430c
Convert 153304043 (base 6) to base 11.
1915971
-1111001110001010111 (base 2) to base 13
-146044
Convert -1360650 (base 9) to base 12.
-301199
Convert -2041230 (base 6) to base 3.
-12000112100
What is -2022101210222 (base 3) in base 7?
-13303562
What is -adbe8e (base 15) in base 2?
-11111101000011110111100
What is 211320001 (base 6) in base 12?
12b0001
-30223031310 (base 4) to base 6
-155115020
755791 (base 13) to base 8
12403136
Convert 26403271 (base 8) to base 15.
7b820b
What is 100333012201 (base 4) in base 7?
52563556
What is -234366 (base 9) in base 11?
-96a32
Convert 266404 (base 7) to base 5.
3102103
-412010 (base 7) to base 13
-26015
-1011555 (base 7) to base 16
-1d766
Convert 3138733 (base 9) to base 5.
412220414
20220220110 (base 3) to base 7
1105146
Convert -21000200221 (base 3) to base 16.
-21c34
What is -63538 (base 15) in base 9?
-530148
322441302 (base 5) to base 15
1c2437
-1226652 (base 7) to base 16
-26af6
What is -6526276 (base 10) in base 13?
-1476703
Convert 20a0578 (base 11) to base 16.
384eee
Convert 20031241 (base 5) to base 10.
158321
548140 (base 11) to base 14
18aa5a
Convert -15016599 (base 10) to base 9.
-31226810
-22627821 (base 9) to base 7
-162341551
Convert 1001001111001110110100 (base 2) to base 10.
2421684
What is -1614332 (base 7) in base 13?
-7a324
Convert 3202261 (base 7)